it of b?
5
Let f be (-31425)/(-25) - (-1 + (-2 - -2)). Suppose f = 5*t - 12. What is the hundreds digit of t?
2
Let o be (-3 - (-260)/15)*60. Suppose 3*z = -p + 635, -4*z = -2*p + 6*p - o. What is the hundreds digit of z?
2
Let x(l) = -2*l + 21. Let b be x(11). Let h be (255 + b)*(14/4 - 3). Let z = -52 + h. What is the units digit of z?
5
Let w = -186 - -203. Let g = w + 136. What is the units digit of g?
3
Suppose 0 = 3*d + 4*q - 427, 5*q = 22 - 2. Let t = 244 - d. Suppose t + 88 = 3*b - 5*a, 0 = -4*a. What is the units digit of b?
5
Let o(j) = -21*j + 50 + 67*j**2 + 20 + 48*j**2 + 59*j. What is the hundreds digit of o(-2)?
4
Suppose 32 + 8 = 4*a. Let f(x) = 3*x**2 + 8*x + 13. What is the tens digit of f(a)?
9
Let w be (2/10 + -2)*(33 - 38). Let m(a) = 18*a**2 - 43*a + 30. What is the hundreds digit of m(w)?
1
Let w(u) = -124*u**3 - 21*u**2 - 49*u - 5. What is the units digit of w(-7)?
1
Let w = -320 - -353. Suppose 2*k + 43 = 13. Let o = w + k. What is the tens digit of o?
1
Let b be 0 + -4 - (13 + -19). Suppose 0 = -5*i + s - 3*s + 3031, b*i - 1207 = s. What is the units digit of i?
5
Suppose 2*q + 5 = 3*q, 0 = -3*r - 4*q - 3487. Let y = r - -2189. What is the units digit of y?
0
Let p(d) = -7*d - 17. Let o = 17 - 4. Let x be (-24)/10*(o + -8). What is the tens digit of p(x)?
6
Suppose 4*k + 968 = -4*b, -10*b + k = -12*b - 482. Let f = b + 370. Let v = f - 9. What is the tens digit of v?
2
Let d = 37 - 7. Suppose 2*i + 1 = -7*n + 6*n, -3*n = 5*i + 3. Suppose i = 3*z - d - 141. What is the tens digit of z?
5
Suppose 116792 = 4*k - 4*p, -151585 + 34802 = -4*k + p. What is the hundreds digit of k?
1
Let f = -7637 - -33399. What is the ten thousands digit of f?
2
Let l(s) = 3*s**2 + 29*s - 7. Let t(i) = i**2 + i. Let b(p) = -l(p) + 6*t(p). What is the tens digit of b(16)?
0
Suppose 16*n = 14*n + 10. Suppose 4*s = -n*a + 31, -4*a - s - 2*s + 24 = 0. Suppose -a*h = -6, -r - 2*r - h = -452. What is the units digit of r?
0
Let u(o) = o**3 - 9*o**2 - 8*o - 10. Let a be u(10). Suppose -a*y = 3037 - 907. Let t = y - -324. What is the units digit of t?
1
Suppose -6*h + 2*h = -2*p + 34, 2*p = 3*h + 33. Let y be 3/(7/(140/p)). Suppose -y*t - w + 348 = 0, 0 = -2*t + 4*t + 3*w - 184. What is the tens digit of t?
8
Let s be (-2)/(-4 + (-28)/(-8)). Suppose -3*f + 16 = -2*f + 3*t, -s*t = -16. What is the units digit of f?
4
Let o(r) = -r**3 + 10*r**2 - 7*r - 10. Let m be o(9). Suppose -m*a - 6 = 2. What is the units digit of (-9)/(a/(-2) + 39/(-60))?
0
Let m(s) = 10*s + 2034. What is the tens digit of m(0)?
3
Let v(k) = 600*k**2 + 47*k - 418. What is the ten thousands digit of v(8)?
3
Let j be 1/6 + 3908/24. Let y = -87 + j. What is the tens digit of y?
7
Suppose 3*b + 2*y = 13600, -2473 - 20203 = -5*b - y. What is the units digit of b?
6
Let f = -96 - -104. What is the units digit of 16/f*(506/4 + 1)?
5
Let d(q) = 12*q**2 - 86*q + 1307. What is the thousands digit of d(31)?
0
What is the units digit of (-30)/(-42) + -2735*(-663)/455?
6
Suppose 7*j + 21 = 301. Let q = 173 + j. Let c = q + -145. What is the units digit of c?
8
Suppose -4*r - 3*n = -64, -3*r - 2*n = -39 - 10. Suppose 15*b = r*b + 248. Let p = b + 114. What is the units digit of p?
2
Suppose -y = 9*y - 40. Suppose 1 = -y*k + 25. Suppose 0*c = k*c - 618. What is the tens digit of c?
0
Suppose -924 = 7*y - 0*y. Let m be -237 + (-4 - (0 - 2)). Let f = y - m. What is the tens digit of f?
0
Suppose 2*b = 4*z - 126424 + 22378, 5*z - 2*b = 130057. What is the units digit of z?
1
What is the units digit of 18 - -9057 - -15 - -10*1?
0
Suppose -3*k + 48 = 453. Let n = k + 105. Let d = n + 163. What is the tens digit of d?
3
Let c = 686 - 684. Let l be 1*(4 - -2) - 3. Suppose l*o + 2*d - 634 = 0, -c*o + 2*d + 505 = 69. What is the tens digit of o?
1
What is the hundreds digit of (81/15 - -3)*(20 - -1075)?
1
Let c be (-5 - 0) + -11 + 54. Let d(x) = 13*x - 186. What is the hundreds digit of d(c)?
3
Suppose 8*g = 14823 + 25633. What is the thousands digit of g?
5
Let p = -695 + 253. Let o = p + 921. What is the units digit of o?
9
Suppose 19 = 5*g + 5*a - 6, 4*a = g. What is the units digit of 1/g - (26621/(-28) - -10)?
1
Suppose -l - 12*q = -8*q - 11490, -17*q = -85. What is the hundreds digit of l?
4
Suppose -96507 + 526254 = 25*h - 47403. What is the tens digit of h?
8
Suppose -3911 = -7*b + 548. Let u = 904 - b. What is the tens digit of u?
6
Let l = 101 - 101. Suppose l = 34*z - 37*z + 12. Suppose 0*a - 3*y + 42 = a, 4*a = -z*y + 208. What is the units digit of a?
7
Let o(y) = 62*y**2 + 1376*y + 37. What is the hundreds digit of o(-30)?
5
Let v(o) = -72*o + 7091. What is the ten thousands digit of v(-120)?
1
Suppose -3*s = 3*z - 16964 + 2540, -z = 2. What is the hundreds digit of s?
8
Let z = -8051 + 12405. What is the tens digit of z?
5
Suppose 5*c - 166 = 29. Let r = c - -52. What is the tens digit of r?
9
Suppose 2*l - 7*l = -30. Let i = 216 - 244. What is the tens digit of (i/(-3))/(l/9)?
1
Let l(y) = -216*y**3 - 3*y**2 - 2*y + 5. Let k be l(-2). Let o = k + -1017. What is the hundreds digit of o?
7
Let w(j) = j**3 + 5*j**2 + j + 7. Let z(c) = c**3 + c**2 + c - 5. Let n be z(0). Let o be w(n). Suppose -5 + 21 = o*p. What is the units digit of p?
8
Let k(y) = -6*y**3 - 4*y**2 - 4*y - 1. Let c be k(-1). Suppose -2021 = -5*l + 3*u - 157, -c*u - 1128 = -3*l. Let r = l + -107. What is the hundreds digit of r?
2
What is the units digit of -1 - (9 - (26978 - (8 - 5)))?
5
Let j = -3631 + 9168. What is the thousands digit of j?
5
Let y(u) = -4*u**2 + 146*u + 76. Let d be y(37). Suppose -4*z - 2*i = -8234, -3*i - 2184 - 1913 = -d*z. What is the units digit of z?
6
Suppose -2*r = -3*r. Suppose -16*f = -426 - 1238. What is the units digit of f/1 - 3 - r?
1
Let p(h) = 7*h**2 - 20*h + 78. Let k(l) = -3*l**2 + 10*l - 40. Let x(r) = 5*k(r) + 3*p(r). What is the units digit of x(13)?
8
Suppose 10*m - 1067 = 2173. Suppose -m = -p - 77. What is the units digit of p?
7
Let u(i) be the third derivative of -i**6/120 + 17*i**5/60 - 5*i**4/24 - 11*i**3/3 - 12*i**2 + 4. What is the tens digit of u(8)?
1
Let h(a) = 317*a**2 + 231*a - 688. What is the units digit of h(3)?
8
Let r = -2229 + 3814. What is the tens digit of r?
8
Let v = 59 - -58. Let k = 281 - v. Suppose k = -3*f + 5*f. What is the tens digit of f?
8
Suppose -96*w = -8*w - 2234320. What is the units digit of w?
0
Let r be (-2)/12 - 143/78. Let d(s) be the third derivative of 7*s**5/20 + s**4/24 - s**3/3 + 6*s**2. What is the units digit of d(r)?
0
Let t be (-35)/14*(-2416)/10. What is the hundreds digit of (-8 - -1 - -4*1) + t?
6
Let q(y) = -6082*y + 400. What is the units digit of q(-1)?
2
Suppose 0 = -7*y - 205 + 177. What is the hundreds digit of 6 - -3*90 - y?
2
Let k(w) = -5*w + 122. Suppose -17 + 38 = i. What is the units digit of k(i)?
7
Suppose -8*c + 18 = -2*c. Suppose -c*u = 3, 3*u - 6*u = -5*i + 3148. What is the units digit of i?
9
Suppose -3390 = 12*k + 26910. Let q = k + 3563. What is the thousands digit of q?
1
Let f(t) = t**3 + 44*t**2 + 48*t + 114. What is the tens digit of f(-37)?
2
Suppose 0 = -19*y - 36*y + 829125. What is the units digit of y?
5
Let k(u) = u**2 - 16*u + 30. Let h be k(14). Suppose 0 = -h*f + 2 + 6, -w + 4*f = 298. Let a = w + 405. What is the tens digit of a?
2
Suppose -73 = 6*h + 1055. Let k = 32 - h. What is the units digit of k?
0
Let o = 33037 - 8789. What is the hundreds digit of o?
2
Suppose -29*k + 50*k - 65604 = 0. What is the tens digit of k?
2
Suppose 2*f + 3*f - 4*k - 30 = 0, 2*f + 4*k = 40. What is the tens digit of (-1 - -3) + 410*15/f?
1
Let f be 12/20 - (-17)/(340/1048). Suppose 2*l - 5*i = 249, i = l - i - 124. Let b = l - f. What is the units digit of b?
9
Suppose 11*j - 2015 = 5784. Suppose 19*v - 868 = j. What is the units digit of v?
3
Let z be 1/((10/4)/5). Let f(s) = 2*s**2 - 61*s + 170. Let t be f(3). Suppose -4*a + 725 = -t*n, -z*a + n + 375 = -4*n. What is the hundreds digit of a?
1
Let x(l) be the second derivative of 7*l**3/6 + 105*l**2/2 + 42*l. What is the units digit of x(37)?
4
Suppose 4*r + 0*r + 316 = 0. Suppose 14*c - 15*c + 158 = 4*n, -2*c = 3*n - 326. Let l = c + r. What is the units digit of l?
7
Let a(t) = t**3 - 24*t**2 + 84*t - 35. Let z be a(19). Let y = 1411 + z. What is the hun